e factors of 19180.
2, 5, 7, 137
What are the prime factors of 41549?
41549
List the prime factors of 1093.
1093
What are the prime factors of 4904?
2, 613
List the prime factors of 47089.
7, 31
What are the prime factors of 2146?
2, 29, 37
List the prime factors of 126594.
2, 3, 13, 541
List the prime factors of 58951.
167, 353
List the prime factors of 26224.
2, 11, 149
What are the prime factors of 131?
131
List the prime factors of 3612.
2, 3, 7, 43
List the prime factors of 332.
2, 83
What are the prime factors of 1285?
5, 257
What are the prime factors of 20054?
2, 37, 271
List the prime factors of 329.
7, 47
What are the prime factors of 13257?
3, 491
What are the prime factors of 46228?
2, 7, 13, 127
List the prime factors of 1237.
1237
List the prime factors of 958.
2, 479
What are the prime factors of 18493?
18493
What are the prime factors of 729?
3
List the prime factors of 63887.
29, 2203
What are the prime factors of 59226?
2, 3, 9871
List the prime factors of 9844.
2, 23, 107
What are the prime factors of 33324?
2, 3, 2777
List the prime factors of 9148.
2, 2287
List the prime factors of 94354.
2, 13, 19, 191
What are the prime factors of 120096?
2, 3, 139
What are the prime factors of 86247?
3, 7, 37
List the prime factors of 5632.
2, 11
What are the prime factors of 8209?
8209
List the prime factors of 145575.
3, 5, 647
What are the prime factors of 1844?
2, 461
What are the prime factors of 1345?
5, 269
List the prime factors of 6509.
23, 283
List the prime factors of 2484.
2, 3, 23
What are the prime factors of 101750?
2, 5, 11, 37
What are the prime factors of 39301?
39301
List the prime factors of 21076.
2, 11, 479
What are the prime factors of 60257?
60257
What are the prime factors of 26146?
2, 17, 769
List the prime factors of 1780.
2, 5, 89
What are the prime factors of 2828?
2, 7, 101
List the prime factors of 3068.
2, 13, 59
What are the prime factors of 4877?
4877
What are the prime factors of 1513?
17, 89
What are the prime factors of 3635?
5, 727
List the prime factors of 9495.
3, 5, 211
What are the prime factors of 23268?
2, 3, 7, 277
List the prime factors of 19472.
2, 1217
What are the prime factors of 2224?
2, 139
List the prime factors of 27356.
2, 7, 977
What are the prime factors of 95635?
5, 31, 617
List the prime factors of 31305.
3, 5, 2087
List the prime factors of 2452.
2, 613
What are the prime factors of 5076?
2, 3, 47
List the prime factors of 35961.
3, 11987
List the prime factors of 17346.
2, 3, 7, 59
What are the prime factors of 1724?
2, 431
What are the prime factors of 348?
2, 3, 29
List the prime factors of 67385.
5, 13477
What are the prime factors of 8759?
19, 461
What are the prime factors of 82462?
2, 41231
List the prime factors of 52503.
3, 11, 37, 43
What are the prime factors of 16106?
2, 8053
What are the prime factors of 48954?
2, 3, 41, 199
List the prime factors of 14455.
5, 7, 59
List the prime factors of 5797.
11, 17, 31
What are the prime factors of 3285?
3, 5, 73
What are the prime factors of 1244?
2, 311
List the prime factors of 1353.
3, 11, 41
List the prime factors of 7350.
2, 3, 5, 7
What are the prime factors of 186478?
2, 93239
What are the prime factors of 21?
3, 7
What are the prime factors of 4319?
7, 617
What are the prime factors of 45274?
2, 22637
What are the prime factors of 185?
5, 37
What are the prime factors of 3846?
2, 3, 641
What are the prime factors of 31502?
2, 19, 829
List the prime factors of 761.
761
List the prime factors of 3591.
3, 7, 19
What are the prime factors of 1646?
2, 823
List the prime factors of 13053.
3, 19, 229
What are the prime factors of 2949?
3, 983
What are the prime factors of 69073?
69073
What are the prime factors of 2422?
2, 7, 173
What are the prime factors of 27762?
2, 3, 7, 661
List the prime factors of 10951.
47, 233
What are the prime factors of 24544?
2, 13, 59
List the prime factors of 2302.
2, 1151
List the prime factors of 1417.
13, 109
List the prime factors of 1398.
2, 3, 233
List the prime factors of 1156.
2, 17
What are the prime factors of 8382?
2, 3, 11, 127
List the prime factors of 7783.
43, 181
List the prime factors of 28104.
2, 3, 1171
What are the prime factors of 10331?
10331
List the prime factors of 4429.
43, 103
What are the prime factors of 2654?
2, 1327
What are the prime factors of 4785?
3, 5, 11, 29
What are the prime factors of 1643?
31, 53
List the prime factors of 358.
2, 179
List the prime factors of 65.
5, 13
List the prime factors of 171.
3, 19
What are the prime factors of 17535?
3, 5, 7, 167
What are the prime factors of 500?
2, 5
List the prime factors of 11075.
5, 443
List the prime factors of 1113.
3, 7, 53
List the prime factors of 1650.
2, 3, 5, 11
What are the prime factors of 1481?
1481
What are the prime factors of 47818?
2, 23909
List the prime factors of 947.
947
List the prime factors of 4859.
43, 113
List the prime factors of 12752.
2, 797
What are the prime factors of 1365?
3, 5, 7, 13
List the prime factors of 2895.
3, 5, 193
What are the prime factors of 26788?
2, 37, 181
What are the prime factors of 3590?
2, 5, 359
List the prime factors of 1615.
5, 17, 19
What are the prime factors of 25433?
29, 877
What are the prime factors of 1192?
2, 149
What are the prime factors of 32636?
2, 41, 199
List the prime factors of 59172.
2, 3, 4931
List the prime factors of 101943.
3, 47, 241
What are the prime factors of 3129?
3, 7, 149
What are the prime factors of 20894?
2, 31, 337
List the prime factors of 27178.
2, 107, 127
List the prime factors of 19534.
2, 9767
What are the prime factors of 71418?
2, 3, 11903
List the prime factors of 15774.
2, 3, 11, 239
List the prime factors of 11331.
3, 1259
List the prime factors of 5867.
5867
What are the prime factors of 856?
2, 107
List the prime factors of 43479.
3, 4831
What are the prime factors of 1016?
2, 127
List the prime factors of 28976.
2, 1811
What are the prime factors of 60796?
2, 15199
List the prime factors of 3451.
7, 17, 29
List the prime factors of 3667.
19, 193
What are the prime factors of 199?
199
List the prime factors of 30.
2, 3, 5
List the prime factors of 35171.
35171
List the prime factors of 5305.
5, 1061
What are the prime factors of 17455?
5, 3491
List the prime factors of 1084.
2, 271
List the prime factors of 71277.
3, 23, 1033
What are the prime factors of 136451?
7, 101, 193
What are the prime factors of 7815?
3, 5, 521
List the prime factors of 558.
2, 3, 31
List the prime factors of 82356.
2, 3, 6863
List the prime factors of 2724.
2, 3, 227
What are the prime factors of 104698?
2, 11, 4759
List the prime factors of 93.
3, 31
What are the prime factors of 3764?
2, 941
What are the prime factors of 6323?
6323
List the prime factors of 4829.
11, 439
What are the prime factors of 1991?
11, 181
List the prime factors of 165640.
2, 5, 41, 101
List the prime factors of 11823.
3, 7, 563
What are the prime factors of 81301?
11, 19, 389
List the prime factors of 41289.
3, 13763
What are the prime factors of 9308?
2, 13, 179
What are the prime factors of 1063?
1063
List the prime factors of 58032.
2, 3, 13, 31
What are the prime factors of 7351?
7351
List the prime factors of 3312.
2, 3, 23
List the prime factors of 7016.
2, 877
List the prime factors of 6354.
2, 3, 353
List the prime factors of 7630.
2, 5, 7, 109
List the prime factors of 61161.
3, 19, 29, 37
List the prime factors of 327.
3, 109
List the prime factors of 25644.
2, 3, 2137
What are the prime factors of 9242?
2, 4621
What are the prime factors of 17598?
2, 3, 7, 419
What are the prime factors of 15393?
3, 7, 733
What are the prime factors of 1073?
29, 37
List the prime factors of 1940.
2, 5, 97
What are the prime factors of 196?
2, 7
List the prime factors of 942.
2, 3, 157
What are the prime factors of 64705?
5, 12941
List the prime factors of 1235.
5, 13, 19
List the prime factors of 561.
3, 11, 17
What are the prime factors of 820?
2, 5, 41
List the prime factors of 2441.
2441
List the prime factors of 35539.
7, 5077
What are the prime factors of 3653?
13, 281
What are the prime factors of 18372?
2, 3, 1531
List the prime factors of 1089.
3, 11
List the prime factors of 2077.
31, 67
What are the prime factors of 12973?
12973
What are the p